 common factor of 242 and 8279854?
22
Calculate the highest common divisor of 2378 and 32226574.
82
What is the greatest common divisor of 1715 and 1801093?
343
What is the greatest common divisor of 22 and 314884724?
22
Calculate the greatest common factor of 165988 and 3808.
68
What is the greatest common factor of 1388 and 1362080?
4
What is the greatest common factor of 621106 and 82?
2
Calculate the greatest common factor of 567010 and 190.
10
What is the greatest common factor of 2898376 and 1859132?
3596
What is the highest common factor of 1843143 and 41697?
339
What is the highest common factor of 12 and 220510024?
4
Calculate the greatest common divisor of 41 and 63388993.
41
Calculate the highest common factor of 14756688 and 24.
24
Calculate the highest common divisor of 2928318 and 561.
51
What is the highest common divisor of 29505 and 179445?
105
What is the highest common divisor of 126807815 and 2065?
295
What is the greatest common factor of 16565 and 19556639?
3313
What is the highest common factor of 28 and 4714132?
4
Calculate the greatest common factor of 584832 and 68448.
96
Calculate the highest common divisor of 386 and 30841593.
193
Calculate the greatest common factor of 18638802 and 1232.
14
What is the greatest common divisor of 5031745 and 53975?
85
Calculate the highest common divisor of 19640 and 38630.
10
Calculate the highest common divisor of 276 and 70380897.
69
What is the greatest common divisor of 1662417 and 126684?
621
What is the highest common divisor of 241527 and 34749?
429
What is the highest common divisor of 13 and 1063019?
1
What is the highest common divisor of 46 and 64846453?
23
What is the highest common divisor of 18185608 and 8400?
56
Calculate the highest common factor of 52992 and 36451872.
6624
What is the highest common divisor of 115786183 and 290?
29
Calculate the highest common factor of 5335 and 1631055.
485
What is the greatest common factor of 1289 and 9805423?
1289
What is the highest common divisor of 162036 and 847?
7
Calculate the highest common factor of 225715 and 3500.
35
What is the greatest common factor of 39806250 and 251625?
4125
What is the highest common factor of 31643112 and 24?
24
Calculate the greatest common divisor of 12 and 129687276.
12
Calculate the highest common divisor of 187366292 and 10456.
5228
Calculate the greatest common divisor of 7420 and 57375.
5
Calculate the greatest common divisor of 172840 and 301600.
1160
Calculate the greatest common factor of 9980768 and 2363.
17
Calculate the greatest common divisor of 5487 and 259187.
59
Calculate the highest common factor of 7 and 184553.
1
What is the highest common divisor of 9272 and 47873654?
2318
Calculate the greatest common divisor of 16163 and 40054.
7
What is the highest common divisor of 486 and 1927854?
54
Calculate the greatest common factor of 5653095 and 19635.
1785
Calculate the greatest common factor of 519265 and 34850.
3485
What is the highest common divisor of 6227 and 62478?
13
What is the highest common factor of 5665022 and 4?
2
What is the highest common factor of 5974935 and 174340?
1895
What is the highest common factor of 12 and 289174920?
12
What is the highest common divisor of 13175 and 24431565?
155
Calculate the greatest common divisor of 11499 and 128379.
3
What is the greatest common factor of 496 and 8384756?
124
What is the highest common factor of 46872619 and 24008?
3001
What is the greatest common divisor of 248 and 217244?
4
What is the greatest common factor of 4662 and 697662?
126
What is the greatest common divisor of 49 and 222351367?
49
What is the greatest common factor of 1838725 and 9875?
1975
What is the greatest common factor of 18 and 7046958?
6
What is the greatest common factor of 333900 and 20913588?
1908
What is the greatest common factor of 17625 and 366375?
375
Calculate the greatest common factor of 424 and 8888206.
106
Calculate the greatest common divisor of 74153 and 8381.
29
What is the greatest common divisor of 112554 and 21125?
169
What is the highest common factor of 82 and 117207028?
82
Calculate the highest common factor of 2223 and 55789890.
741
What is the greatest common divisor of 13753930 and 29930?
730
What is the highest common factor of 19838 and 886606?
1526
What is the greatest common divisor of 1212270 and 4590?
510
Calculate the highest common divisor of 25186012 and 8556.
2852
What is the greatest common factor of 368562 and 428982?
6042
Calculate the highest common divisor of 24496 and 38096.
16
Calculate the highest common factor of 762744 and 1159.
61
What is the highest common divisor of 330700 and 5570?
10
Calculate the greatest common factor of 450 and 28860075.
225
Calculate the greatest common factor of 19 and 11648330.
19
Calculate the greatest common factor of 11343053 and 13899.
113
What is the highest common divisor of 56564 and 1286?
2
What is the highest common factor of 753684 and 458292?
2172
Calculate the greatest common divisor of 3219 and 10323592.
37
What is the greatest common factor of 575611 and 93?
1
Calculate the highest common factor of 410947 and 78731.
131
What is the greatest common divisor of 300504005 and 3205?
3205
Calculate the greatest common divisor of 126 and 1196137890.
18
What is the highest common factor of 11076760 and 1200?
40
Calculate the highest common divisor of 26374029 and 9843.
579
Calculate the greatest common divisor of 438860 and 1760.
20
Calculate the highest common factor of 24 and 614279256.
24
What is the greatest common factor of 348 and 140827306?
58
What is the highest common factor of 33 and 246443439?
33
Calculate the greatest common divisor of 2713452 and 574.
14
What is the highest common divisor of 714 and 2178686?
34
What is the greatest common factor of 1588 and 293733948?
1588
What is the greatest common divisor of 13450758 and 888?
222
Calculate the highest common divisor of 40917991 and 2206.
1103
What is the greatest common divisor of 321245 and 565?
5
What is the greatest common factor of 385658 and 154?
14
What is the highest common divisor of 32308 and 608030?
82
Calculate the highest common divisor of 51 and 18324521.
17
Calculate the greatest common factor of 25 and 179266775.
25
Calculate the highest common divisor of 503572 and 56548.
268
Calculate the highest common factor of 210366 and 185442.
186
Calculate the highest common factor of 5901761 and 261.
29
What is the greatest common divisor of 2612064 and 2548?
364
What is the greatest common factor of 3150 and 512505?
315
Calculate the highest common factor of 328332158 and 28.
14
What is the greatest common divisor of 35524 and 154080?
428
What is the greatest common factor of 260 and 222555060?
260
Calculate the highest common divisor of 704924 and 302401.
407
Calculate the highest common divisor of 120 and 7862715.
15
Calculate the highest common factor of 657024 and 309396.
708
Calculate the highest common factor of 3197 and 20405895.
139
What is the greatest common factor of 45 and 1138662?
9
Calculate the highest common divisor of 73730387 and 299.
23
Calculate the highest common divisor of 432646 and 101243.
137
Calculate the highest common divisor of 18941 and 69563.
13
Calculate the highest common divisor of 112142 and 60818.
94
Calculate the highest common divisor of 180 and 16222890.
30
What is the highest common factor of 2262143 and 148?
37
What is the greatest common factor of 2767556 and 1240?
124
Calculate the greatest common factor of 8 and 433234.
2
Calculate the greatest common divisor of 62905056 and 128.
32
Calculate the greatest common factor of 20711 and 209751.
139
What is the highest common divisor of 252927 and 389325?
537
What is the highest common divisor of 65 and 926470?
5
Calculate the highest common divisor of 6876 and 774.
18
Calculate the greatest common factor of 515423 and 3536.
17
Calculate the highest common factor of 10679 and 523452.
181
Calculate the greatest common factor of 2427 and 7310933.
809
Calculate the highest common divisor of 122348 and 9125.
73
What is the greatest common factor of 3347792 and 224?
112
Calculate the greatest common divisor of 46055 and 2005985.
305
What is the greatest common factor of 76430128 and 5575?
223
What is the hi